{"id":3746,"date":"2025-07-14T10:36:19","date_gmt":"2025-07-14T08:36:19","guid":{"rendered":"https:\/\/fondazioneunich.com\/?page_id=3746"},"modified":"2025-12-22T11:57:54","modified_gmt":"2025-12-22T10:57:54","slug":"arcangeli-andrea","status":"publish","type":"page","link":"https:\/\/fondazioneunich.com\/index.php\/trasparenza\/organizzazione\/titolari-di-incarichi-politici-di-amministrazione-di-direzione-o-di-governo\/arcangeli-andrea\/","title":{"rendered":"ARCANGELI Andrea"},"content":{"rendered":"<div><\/div>\n<table style=\"border-collapse: collapse;\" border=\"0\" width=\"100%\" cellpadding=\"0\">\n<tbody>\n<tr>\n<td width=\"30%\"><img loading=\"lazy\" decoding=\"async\" class=\"alignnone size-full wp-image-2381\" src=\"https:\/\/fondazioneunich.com\/wp-content\/uploads\/no_photo_Uomo.jpg\" alt=\"\" width=\"300\" height=\"300\" srcset=\"https:\/\/fondazioneunich.com\/wp-content\/uploads\/no_photo_Uomo.jpg 235w, https:\/\/fondazioneunich.com\/wp-content\/uploads\/no_photo_Uomo-150x150.jpg 150w, https:\/\/fondazioneunich.com\/wp-content\/uploads\/no_photo_Uomo-160x160.jpg 160w\" sizes=\"auto, (max-width: 300px) 100vw, 300px\" \/><\/td>\n<td width=\"3%\"><\/td>\n<td width=\"67%\">\n<p align=\"left\"><span style=\"font-size: 20px;\"><span style=\"font-family: inherit;\">CONSIGLIERE<br \/>\n<\/span><strong style=\"font-family: inherit;\">Dott. Andrea Arcangeli<\/strong><\/span><\/p>\n<\/td>\n<\/tr>\n<\/tbody>\n<\/table>\n<div><\/div>\n<div class=\"entry themeform\">\n<div class=\"entry-inner\">\n<div class=\"entry themeform\">\n<div class=\"entry-inner\">\n<p><span style=\"font-size: 14px;\">Atto di nomina o di proclamazione, con l\u2019indicazione della durata dell\u2019incarico o del mandato elettivo<\/span><\/p>\n<table style=\"border-collapse: collapse; width: 100%; height: 10px;\" border=\"1\" width=\"100%\">\n<tbody>\n<tr style=\"height: 10px;\">\n<td style=\"text-align: left; border-style: solid; border-color: #000000; background-color: #ffffff; height: 10px;\" width=\"50%\"><a href=\"https:\/\/fondazioneunich.com\/wp-content\/uploads\/2025-04-23_DR580-2025_nomina-componenti_cda-2025-2028.pdf\" target=\"_blank\" rel=\"noopener\"><strong><span style=\"font-size: 16px;\">Atto di <\/span><\/strong><strong><span style=\"font-size: 16px;\">Nomina<\/span><\/strong><\/a><\/td>\n<td style=\"text-align: right; border-style: solid; border-color: #000000; background-color: #ffffff; height: 10px;\" width=\"50%\"><span style=\"font-size: 14px;\">2025<\/span><\/td>\n<\/tr>\n<\/tbody>\n<\/table>\n<\/div>\n<\/div>\n<div class=\"entry themeform\">\n<div class=\"entry-inner\">\n<table style=\"border-collapse: collapse; width: 100%; height: 10px;\" border=\"1\" width=\"100%\">\n<tbody>\n<tr style=\"height: 10px;\">\n<td style=\"text-align: left; border-style: solid; border-color: #000000; background-color: #ffffff; height: 10px;\" width=\"50%\"><strong><span style=\"font-size: 16px;\">Curriculum Vitae<\/span><\/strong><\/td>\n<td style=\"text-align: right; border-style: solid; border-color: #000000; background-color: #ffffff; height: 10px;\" width=\"50%\"><span style=\"font-size: 14px;\">2025<\/span><\/td>\n<\/tr>\n<\/tbody>\n<\/table>\n<\/div>\n<\/div>\n<div><\/div>\n<div><span style=\"color: #ffffff;\">.<\/span><\/div>\n<div><\/div>\n<table style=\"border-collapse: collapse; width: 100%; height: 10px;\" border=\"1\" width=\"100%\">\n<tbody>\n<tr style=\"height: 10px;\">\n<td style=\"text-align: left; border-style: solid; border-color: #000000; background-color: #ffffff; height: 10px;\" width=\"50%\"><a href=\"https:\/\/fondazioneunich.com\/wp-content\/uploads\/ARCANGELI_Dic_di_inconf_2025.pdf\" target=\"_blank\" rel=\"noopener\"><span style=\"font-size: 16px;\"><strong>Dichiarazione di assenza di situazioni di incompatibilit\u00e0<\/strong><\/span><\/a><\/td>\n<td style=\"text-align: right; border-style: solid; border-color: #000000; background-color: #ffffff; height: 10px;\" width=\"50%\"><span style=\"font-size: 14px;\">2025<\/span><\/td>\n<\/tr>\n<\/tbody>\n<\/table>\n<div><\/div>\n<div><\/div>\n<div><span style=\"color: #ffffff;\">.<\/span><\/div>\n<div class=\"entry themeform\">\n<div><\/div>\n<div class=\"entry-inner\"><strong><span style=\"font-size: 16px;\">Compensi di qualsiasi natura connessi all&#8217;assunzione della carica<\/span><\/strong><\/div>\n<div><\/div>\n<\/div>\n<table style=\"border-collapse: collapse;\" border=\"1\" width=\"100%\">\n<tbody>\n<tr>\n<td style=\"text-align: left; border-style: solid; border-color: #000000; background-color: #ffffff;\"><span style=\"font-size: 14px;\">Compensi anno 2025<\/span><\/td>\n<td style=\"text-align: right; border-style: solid; border-color: #000000; background-color: #ffffff;\"><span style=\"font-size: 14px;\">3.483 \u20ac<\/span><\/td>\n<\/tr>\n<\/tbody>\n<\/table>\n<div><\/div>\n<div><span style=\"color: #ffffff;\">.<\/span><\/div>\n<div><span style=\"color: #ffffff;\">.<\/span><\/div>\n<\/div>\n<\/div>\n<div>\n<div class=\"entry themeform\">\n<div class=\"entry-inner\"><span style=\"font-size: 16px;\"><strong>Altri eventuali incarichi con oneri a carico della finanza pubblica e indicazione dei compensi spettanti<\/strong><\/span><\/div>\n<div><\/div>\n<\/div>\n<table style=\"width: 100%; border-collapse: collapse; height: 24px;\" border=\"1\">\n<tbody>\n<tr style=\"height: 24px;\">\n<td style=\"border-style: solid; border-color: #000000; background-color: #ffffff; height: 24px; text-align: left;\" width=\"50%\"><strong><span style=\"font-size: 14px;\">Importi per altri incarichi\u00a0<\/span><\/strong><\/td>\n<td style=\"border-style: solid; border-color: #000000; background-color: #ffffff; height: 24px; text-align: right;\" width=\"50%\"><span style=\"font-size: 16px;\">2025<\/span><\/td>\n<\/tr>\n<\/tbody>\n<\/table>\n<\/div>\n<div class=\"entry themeform\">\n<div class=\"entry-inner\">\n<div class=\"entry themeform\">\n<div class=\"entry-inner\">\n<p><strong><span style=\"font-size: 16px;\">Importi di viaggi di servizio e missioni pagati con fondi pubblici<\/span><\/strong><\/p>\n<table style=\"border-collapse: collapse; width: 100%; height: 20px;\" border=\"1\" width=\"100%\">\n<tbody>\n<tr style=\"height: 20px;\">\n<td style=\"text-align: left; border-style: solid; border-color: #000000; background-color: #ffffff; height: 20px;\"><span style=\"font-size: 14px;\">Importi di viaggio e\/o missioni anno 2025<\/span><\/td>\n<td style=\"text-align: right; border-style: solid; border-color: #000000; background-color: #ffffff; height: 20px;\"><span style=\"font-size: 14px;\">0 \u20ac<\/span><\/td>\n<\/tr>\n<\/tbody>\n<\/table>\n<\/div>\n<\/div>\n<div><\/div>\n<div><span style=\"color: #ffffff;\">.<\/span><\/div>\n<div><span style=\"color: #ffffff;\">.<\/span><\/div>\n<div class=\"entry themeform\">\n<p><strong><span style=\"font-size: 16px;\">Copia dell\u2019ultima dichiarazione dei redditi soggetti all&#8217;imposta sui redditi delle persone fisiche<\/span><\/strong><\/p>\n<table style=\"border-collapse: collapse; width: 100%; height: 10px;\" border=\"1\" width=\"100%\">\n<tbody>\n<tr style=\"height: 10px;\">\n<td style=\"text-align: left; border-style: solid; border-color: #000000; background-color: #ffffff; height: 10px;\" width=\"50%\"><span style=\"font-size: 14px;\">Persone Fisiche\u00a0<\/span><\/td>\n<td style=\"text-align: right; border-style: solid; border-color: #000000; background-color: #ffffff; height: 10px;\" width=\"50%\"><span style=\"font-size: 14px;\">2025<\/span><\/td>\n<\/tr>\n<tr>\n<td style=\"text-align: left; border-style: solid; border-color: #000000; background-color: #ffffff;\"><span style=\"font-size: 14px;\">Dichiarazione negato consenso parenti entro il II grado\u00a0<\/span><\/td>\n<td style=\"text-align: right; border-style: solid; border-color: #000000; background-color: #ffffff;\"><span style=\"font-size: 14px;\">2025<\/span><\/td>\n<\/tr>\n<\/tbody>\n<\/table>\n<\/div>\n<div class=\"entry-inner\"><\/div>\n<div><span style=\"color: #ffffff;\">.<\/span><\/div>\n<div><span style=\"color: #ffffff;\">.<\/span><\/div>\n<div>\n<p><span style=\"font-size: 16px;\"><strong>Dichiarazione concernente diritti reali su beni immobili e su beni mobili iscritti in pubblici registri, titolarit\u00e0 di imprese, azioni di societ\u00e0, quote di partecipazione a societ\u00e0, esercizio di funzioni di amministratore o di sindaco di societ\u00e0, con l\u2019apposizione della formula \u00absul mio onore affermo che la dichiarazione corrisponde al vero\u00bb<\/strong><\/span><\/p>\n<table style=\"border-collapse: collapse; width: 100%; height: 10px;\" border=\"1\" width=\"100%\">\n<tbody>\n<tr style=\"height: 10px;\">\n<td style=\"text-align: left; border-style: solid; border-color: #000000; background-color: #ffffff; height: 10px;\" width=\"50%\"><strong><span style=\"font-size: 14px;\">Dichiarazione dati patrimoniali<\/span><\/strong><\/td>\n<td style=\"text-align: right; border-style: solid; border-color: #000000; background-color: #ffffff; height: 10px;\" width=\"50%\"><span style=\"font-size: 14px;\">2025<\/span><\/td>\n<\/tr>\n<\/tbody>\n<\/table>\n<\/div>\n<p><span style=\"color: #ffffff;\">.<\/span><\/p>\n<p><span style=\"color: #ffffff;\">.<\/span><\/p>\n<p><strong><span style=\"font-size: 16px;\">Attestazione concernente le variazioni della situazione patrimoniale intervenute nell&#8217;anno precedente e copia della dichiarazione dei redditi<\/span><\/strong><\/p>\n<table style=\"border-collapse: collapse; width: 100%; height: 10px;\" border=\"1\" width=\"100%\">\n<tbody>\n<tr style=\"height: 10px;\">\n<td style=\"text-align: left; border-style: solid; border-color: #000000; background-color: #ffffff; height: 10px;\" width=\"50%\"><span style=\"font-size: 14px;\">Dichiarazione variazioni dati patrimoniali<\/span><\/td>\n<td style=\"text-align: right; border-style: solid; border-color: #000000; background-color: #ffffff; height: 10px;\" width=\"50%\"><span style=\"font-size: 14px;\">2025<\/span><\/td>\n<\/tr>\n<\/tbody>\n<\/table>\n<\/div>\n<\/div>\n","protected":false},"excerpt":{"rendered":"<p>CONSIGLIERE Dott. Andrea Arcangeli Atto di nomina o di proclamazione, con l\u2019indicazione della durata dell\u2019incarico o del mandato elettivo Atto di Nomina 2025 Curriculum Vitae 2025 . Dichiarazione di assenza di situazioni di incompatibilit\u00e0&#46;&#46;&#46;<\/p>\n","protected":false},"author":1,"featured_media":0,"parent":1767,"menu_order":0,"comment_status":"closed","ping_status":"closed","template":"","meta":{"footnotes":"","_links_to":"","_links_to_target":""},"categories":[41],"tags":[],"class_list":["post-3746","page","type-page","status-publish","hentry","category-organizzazione"],"_links":{"self":[{"href":"https:\/\/fondazioneunich.com\/index.php\/wp-json\/wp\/v2\/pages\/3746","targetHints":{"allow":["GET"]}}],"collection":[{"href":"https:\/\/fondazioneunich.com\/index.php\/wp-json\/wp\/v2\/pages"}],"about":[{"href":"https:\/\/fondazioneunich.com\/index.php\/wp-json\/wp\/v2\/types\/page"}],"author":[{"embeddable":true,"href":"https:\/\/fondazioneunich.com\/index.php\/wp-json\/wp\/v2\/users\/1"}],"replies":[{"embeddable":true,"href":"https:\/\/fondazioneunich.com\/index.php\/wp-json\/wp\/v2\/comments?post=3746"}],"version-history":[{"count":0,"href":"https:\/\/fondazioneunich.com\/index.php\/wp-json\/wp\/v2\/pages\/3746\/revisions"}],"up":[{"embeddable":true,"href":"https:\/\/fondazioneunich.com\/index.php\/wp-json\/wp\/v2\/pages\/1767"}],"wp:attachment":[{"href":"https:\/\/fondazioneunich.com\/index.php\/wp-json\/wp\/v2\/media?parent=3746"}],"wp:term":[{"taxonomy":"category","embeddable":true,"href":"https:\/\/fondazioneunich.com\/index.php\/wp-json\/wp\/v2\/categories?post=3746"},{"taxonomy":"post_tag","embeddable":true,"href":"https:\/\/fondazioneunich.com\/index.php\/wp-json\/wp\/v2\/tags?post=3746"}],"curies":[{"name":"wp","href":"https:\/\/api.w.org\/{rel}","templated":true}]}}